base 6) to base 15
41a4d4
Convert 2033022311 (base 4) to base 10.
586421
What is 11010100001101100010 (base 2) in base 13?
24583c
10011101101011110000001 (base 2) to base 12
1892195
What is -178041 (base 16) in base 15?
-206526
-12023020300 (base 4) to base 13
-4488a6
Convert -426a19 (base 13) to base 15.
-20b5c8
Convert 311560 (base 7) to base 5.
3202302
10001100101101111010 (base 2) to base 12
239676
110001000110111011011100 (base 2) to base 9
26201027
What is 2020201010221 (base 3) in base 5?
301214222
What is 875367 (base 9) in base 11?
32742a
Convert -aa87a (base 14) to base 16.
-64e5c
Convert 2120202101202 (base 3) to base 10.
1372997
Convert -73a310 (base 12) to base 16.
-1bcc3c
3232012331 (base 4) to base 16
ee1bd
Convert 1102120112202 (base 3) to base 13.
2077a9
Convert -607ac (base 16) to base 6.
-12245312
What is 83483 (base 12) in base 6?
3403043
Convert -13330113 (base 8) to base 9.
-5563305
-9e633 (base 15) to base 13
-1486b3
222012001121 (base 3) to base 6
15014154
-41a746 (base 11) to base 5
-133014202
320003300 (base 4) to base 6
4531012
What is 1533221 (base 6) in base 10?
90157
What is 48280 (base 16) in base 4?
1020022000
59c67d (base 14) to base 9
5686877
62690 (base 10) to base 7
350525
-293240 (base 12) to base 5
-134033213
What is 218a404 (base 12) in base 3?
110001101101111
What is -128857 (base 10) in base 6?
-2432321
What is 6b2d (base 15) in base 9?
34207
42110 (base 9) to base 16
6c90
Convert 10746719 (base 10) to base 16.
a3fb5f
Convert 12020101212 (base 3) to base 4.
121022222
Convert c621b7 (base 13) to base 7.
54240123
What is -1001011100101101100 (base 2) in base 7?
-2426442
3627a56 (base 13) to base 15
171789c
What is 42311402 (base 5) in base 3?
122222120021
What is -169124 (base 12) in base 6?
-12200444
Convert 874602 (base 10) to base 2.
11010101100001101010
Convert 12113255 (base 7) to base 9.
2024358
Convert 6b56a2 (base 15) to base 6.
301552542
Convert 36d13 (base 14) to base 12.
65859
What is 303512520 (base 6) in base 7?
62236353
7c929 (base 14) to base 16
4a219
-23a0b (base 12) to base 10
-48107
408c7 (base 14) to base 11
a683a
-2411141 (base 8) to base 15
-d0895
What is -2131030230 (base 4) in base 2?
-10011101001100101100
What is -1000000111100100000 (base 2) in base 3?
-111111220110
Convert 327a5 (base 15) to base 10.
160355
1121120000 (base 3) to base 2
111110000001000
Convert 5b300b (base 13) to base 12.
88bb86
What is 101111101101000001 (base 2) in base 15?
3cd63
What is -1c56ca (base 13) in base 16?
-b14ae
Convert -110100000010111011 (base 2) to base 4.
-310002323
165add (base 14) to base 13
215c29
Convert -100111000010111011111 (base 2) to base 6.
-43231223
Convert 100100010110011100 (base 2) to base 5.
14231032
What is 1a306ba (base 12) in base 11?
3142468
What is -65904 (base 12) in base 9?
-224264
32110202231 (base 4) to base 5
1430113112
Convert 153a9 (base 16) to base 7.
511336
Convert 12404322 (base 7) to base 8.
4232264
-101100100101011100100 (base 2) to base 6
-51151420
-200023335 (base 6) to base 14
-63761d
What is 139004 (base 10) in base 8?
417374
What is -100100000011000110 (base 2) in base 12?
-71546
51525 (base 15) to base 14
69c84
1322818 (base 9) to base 2
10110000101101111001
30140342 (base 5) to base 12
b6b41
111110010001110010 (base 2) to base 13
8c154
What is 5507465 (base 8) in base 15?
1e30d8
What is -3010132 (base 5) in base 2?
-1011100110110110
What is -842170 (base 9) in base 7?
-4152264
Convert 6a76a42 (base 11) to base 5.
11130222410
What is 14d9c24 (base 14) in base 13?
2165046
What is 134415 (base 9) in base 12?
3b542
-535814 (base 9) to base 5
-40203414
What is 70a0 (base 16) in base 6?
341252
What is -101011110100011111100 (base 2) in base 12?
-592b64
-431006 (base 8) to base 5
-14101003
Convert -120222130 (base 4) to base 14.
-28b5a
-36122a (base 15) to base 10
-2585740
2017780 (base 10) to base 12
813844
1100010111100011 (base 2) to base 6
1030311
What is -44531341 (base 6) in base 16?
-14976d
Convert 111000011110 (base 2) to base 13.
1850
What is 2323534 (base 6) in base 5?
12320312
What is 21c43e (base 15) in base 12?
658242
68033 (base 13) to base 7
1414655
cd87 (base 14) to base 13
13281
Convert -529a5 (base 13) to base 16.
-24577
-30b0e (base 16) to base 4
-300230032
Convert -112010001122 (base 3) to base 11.
-17a78a
What is -2e5d11 (base 15) in base 13?
-608b96
What is 10100100100011001001011 (base 2) in base 8?
24443113
362892 (base 11) to base 3
1002012101022
11111101101110001111 (base 2) to base 8
3755617
Convert 20a3ea (base 16) to base 7.
24116325
What is 246319 (base 11) in base 10?
389035
Convert -131113030 (base 4) to base 8.
-352714
Convert -4b87d3 (base 15) to base 6.
-205353500
Convert 1946141 (base 12) to base 7.
63132136
Convert -8a55cb (base 13) to base 14.
-610d31
221160551 (base 7) to base 4
302311120013
52210354 (base 6) to base 4
11300221132
Convert 3736b0 (base 15) to base 8.
12054254
What is -12428586 (base 10) in base 16?
-bda52a
12250216 (base 7) to base 14
20a77d
What is 388715 (base 11) in base 16?
955d0
Convert -2da09a (base 14) to base 15.
-219cc2
What is 605254 (base 7) in base 3?
12012212111
Convert -1aa01 (base 12) to base 6.
-502401
What is 112466 (base 7) in base 5?
1121023
-33477227 (base 8) to base 5
-3323210432
16134 (base 10) to base 16
3f06
-335201442 (base 6) to base 12
-2076282
22006157 (base 8) to base 15
6340a0
What is 485a744 (base 11) in base 7?
131632510
What is -14815 (base 11) in base 15?
-6319
Convert 1332332 (base 6) to base 11.
50a16
113323202332 (base 4) to base 14
b9422a
26e52 (base 15) to base 8
363467
a05170 (base 12) to base 3
11200212111110
9706265 (base 10) to base 4
211001230121
-32211214 (base 5) to base 3
-111212001102
What is 29143 (base 14) in base 12?
4aa9b
-25d467 (base 14) to base 4
-10332123103
What is -1932a1 (base 12) in base 6?
-13241521
Convert 386411 (base 12) to base 11.
5807a1
-1322222 (base 4) to base 9
-11682
-135861 (base 12) to base 14
-84d3b
222136 (base 11) to base 3
122222212202
Convert -12220102002120 (base 3) to base 12.
-1073959
Convert -4126452 (base 7) to base 15.
-9b7b6
-143550a (base 15) to base 16
-debf7a
Convert -30401 (base 8) to base 10.
-12545
-89ec2e (base 16) to base 3
-122000020000212
1201210101210 (base 3) to base 6
31423550
330300123303 (base 4) to base 6
1325212123
-51160 (base 14) to base 16
-2fa20
241653000 (base 7) to base 10
15055299
106b13 (base 12) to base 10
260799
What is -3619062 (base 11) in base 12?
-2142339
Convert 1012322 (base 8) to base 11.
172a59
What is 312310020213 (base 4) in base 16?
db4227
What is 45bda (base 14) in base 3?
22121211101
What is -33311112230 (base 4) in base 2?
-1111110101010110101100
5619369 (base 10) to base 16
55bea9
What is 68040 (base 10) in base 3?
10110100000
-315454 (base 7) to base 4
-31113310
Convert -28641 (base 12) to base 10.
-56209
-19fb3 (base 16) to base 13
-39591
What is -215423 (base 9) in base 3?
-20112110210
8d466c (base 15) to base 9
13624553
Convert 1200202111211 (base 3) to base 13.
256c69
-302001013 (base 5) to base 9
-2233503
What is -63aa77 (base 14) in base 8?
-14671261
Convert -b16ba (base 12) to base 10.
-230830
Convert -52279 (base 13) to base 9.
-244461
Convert ce0d (base 15) to base 8.
125217
What is 1079213 (base 14) in base 10?
7823553
Convert 44251011 (base 6) to base 12.
540a67
Convert -2112110011112 (base 3) to base 4.
-11020323302
What is -293304 (base 10) in base 16?
-479b8
Convert -1011011000111100011 (base 2) to base 6.
-11555511
404d5c (base 14) to base 16
2108a6
Convert -98417 (base 10) to base 7.
-556634
1212332 (base 8) to base 16
514da
What is -2382 (base 16) in base 4?
-2032002
66325 (base 13) to base 3
100101220001
Convert -388882 (base 9) to base 5.
-30024224
What is 12a4a4 (base 12) in base 6?
10335124
What is 7839509 (base 11) in base 4?
310123322323
Convert 77954 (base 15) to base 10.
380104
Convert 304334040 (base 5) to base 16.
1303c1
What is 23531 (base 15) in base 16?
1b7a2
20575435 (base 9) to base 16
973b47
What is -100122233322 (base 4) in base 8?
-20325772
What is -58132 (base 11) in base 8?
-244051
What is -10000110100201 (base 3) in base 7?
-16425304
-414202422 (base 5) to base 4
-12201122221
What is -35522015 (base 6) in base 7?
-12322511
What is -50788 (bas